{"id":8,"date":"2024-06-13T12:33:45","date_gmt":"2024-06-13T12:33:45","guid":{"rendered":"https:\/\/sakumetall.rwd.ee\/3d-print\/?page_id=8"},"modified":"2025-09-09T15:53:22","modified_gmt":"2025-09-09T12:53:22","slug":"esileht","status":"publish","type":"page","link":"https:\/\/sakumetall.ee\/3d-print\/","title":{"rendered":"Esileht"},"content":{"rendered":"\n<div class=\"swiper swiper-carousel\" data-carousel-autoplay=\"true\" data-carousel-delay=\"3000\"><div class=\"swiper-wrapper\">\n<div class=\"swiper-slide overflow-hidden w-100 d-flex align-items-center\"><figure class=\"bg-cover-image has-overlay h-100 w-100 m-0 d-flex align-items-center\" style=\"--rwd-overlay-rgb:var(--rwd-color-palette-black-rgb);--rwd-overlay-opacity:0.85\"><img loading=\"lazy\" decoding=\"async\" width=\"1536\" height=\"1024\" src=\"https:\/\/sakumetall.ee\/wp-content\/uploads\/sites\/4\/2025\/06\/3D-print-Saku-Metall.png\" alt=\"\" class=\"wp-image-189 w-100 h-100 of-cover\" srcset=\"https:\/\/sakumetall.ee\/3d-print\/wp-content\/uploads\/sites\/4\/2025\/06\/3D-print-Saku-Metall.png 1536w, https:\/\/sakumetall.ee\/3d-print\/wp-content\/uploads\/sites\/4\/2025\/06\/3D-print-Saku-Metall-300x200.png 300w, https:\/\/sakumetall.ee\/3d-print\/wp-content\/uploads\/sites\/4\/2025\/06\/3D-print-Saku-Metall-1024x683.png 1024w, https:\/\/sakumetall.ee\/3d-print\/wp-content\/uploads\/sites\/4\/2025\/06\/3D-print-Saku-Metall-768x512.png 768w\" sizes=\"auto, (max-width: 1536px) 100vw, 1536px\" \/><\/figure><div class=\"slide-content container-lg py-80\"><div class=\"row\"><div class=\"col-12 col-lg-8 col-md-10 text-white\">\n<h2 class=\"wp-block-heading h1\">Teie 3D printimise partner<\/h2>\n\n\n\n<p><\/p>\n\n\n\n<p class=\"has-large-font-size\">Pakume 3D printimise teenust, \u00fchendades Saku Metalli pikaajalised tootmiskogemused ja tipptasemel SLS printimise tehnoloogia, mis aitavad teie ideid ellu viia.<\/p>\n\n\n\n<p><\/p>\n\n\n\n<div class=\"wp-block-buttons is-layout-flex wp-block-buttons-is-layout-flex\">\n<div class=\"wp-block-button\"><a class=\"wp-block-button__link has-large-font-size has-custom-font-size wp-element-button\" href=\"#teenused\">TEENUSED<\/a><\/div>\n\n\n\n<div class=\"wp-block-button is-style-outline-secondary\"><a class=\"wp-block-button__link has-large-font-size has-custom-font-size wp-element-button\" href=\"#kontakt\">SAADA P\u00c4RING<\/a><\/div>\n<\/div>\n<\/div><\/div><\/div><\/div>\n<\/div><div class=\"carousel-pagination-wrap\"><div class=\"swiper-pagination\"><\/div><\/div><\/div>\n\n\n\n<div class=\"wp-block-columns mb-0 has-3-columns is-layout-flex wp-container-core-columns-is-layout-9d6595d7 wp-block-columns-is-layout-flex\">\n<div class=\"wp-block-column is-layout-flow wp-block-column-is-layout-flow\">\n<figure class=\"wp-block-image aligncenter size-full is-resized\"><img loading=\"lazy\" decoding=\"async\" width=\"512\" height=\"512\" src=\"https:\/\/sakumetall.ee\/wp-content\/uploads\/sites\/4\/2025\/09\/3d-tapne.png\" alt=\"\" class=\"wp-image-195\" style=\"width:100px\" srcset=\"https:\/\/sakumetall.ee\/3d-print\/wp-content\/uploads\/sites\/4\/2025\/09\/3d-tapne.png 512w, https:\/\/sakumetall.ee\/3d-print\/wp-content\/uploads\/sites\/4\/2025\/09\/3d-tapne-300x300.png 300w, https:\/\/sakumetall.ee\/3d-print\/wp-content\/uploads\/sites\/4\/2025\/09\/3d-tapne-150x150.png 150w\" sizes=\"auto, (max-width: 512px) 100vw, 512px\" \/><\/figure>\n\n\n\n<h4 class=\"wp-block-heading has-text-align-center\">\u00dclit\u00e4pne<\/h4>\n\n\n\n<p class=\"has-text-align-center\">Kihi paksus 110 mikronit,<br>laseri t\u00e4psus 247 mikronit.<\/p>\n<\/div>\n\n\n\n<div class=\"wp-block-column is-layout-flow wp-block-column-is-layout-flow\">\n<figure class=\"wp-block-image aligncenter size-full is-resized\"><img loading=\"lazy\" decoding=\"async\" width=\"512\" height=\"512\" src=\"https:\/\/sakumetall.ee\/wp-content\/uploads\/sites\/4\/2025\/09\/3d-jareltootlus.png\" alt=\"\" class=\"wp-image-199\" style=\"width:100px\" srcset=\"https:\/\/sakumetall.ee\/3d-print\/wp-content\/uploads\/sites\/4\/2025\/09\/3d-jareltootlus.png 512w, https:\/\/sakumetall.ee\/3d-print\/wp-content\/uploads\/sites\/4\/2025\/09\/3d-jareltootlus-300x300.png 300w, https:\/\/sakumetall.ee\/3d-print\/wp-content\/uploads\/sites\/4\/2025\/09\/3d-jareltootlus-150x150.png 150w\" sizes=\"auto, (max-width: 512px) 100vw, 512px\" \/><\/figure>\n\n\n\n<h4 class=\"wp-block-heading has-text-align-center\">Ei vaja pinna j\u00e4relt\u00f6\u00f6tlust<\/h4>\n\n\n\n<p class=\"has-text-align-center\">Printerist tuleb v\u00e4lja detail, mis ei vaja pinna j\u00e4relt\u00f6\u00f6tlust. Detailid puhastatakse liivapritsiga.<\/p>\n<\/div>\n\n\n\n<div class=\"wp-block-column is-layout-flow wp-block-column-is-layout-flow\">\n<figure class=\"wp-block-image aligncenter size-full is-resized\"><img loading=\"lazy\" decoding=\"async\" width=\"512\" height=\"512\" src=\"https:\/\/sakumetall.ee\/wp-content\/uploads\/sites\/4\/2025\/09\/3d-poordprojekteerimine.png\" alt=\"\" class=\"wp-image-197\" style=\"width:100px\" srcset=\"https:\/\/sakumetall.ee\/3d-print\/wp-content\/uploads\/sites\/4\/2025\/09\/3d-poordprojekteerimine.png 512w, https:\/\/sakumetall.ee\/3d-print\/wp-content\/uploads\/sites\/4\/2025\/09\/3d-poordprojekteerimine-300x300.png 300w, https:\/\/sakumetall.ee\/3d-print\/wp-content\/uploads\/sites\/4\/2025\/09\/3d-poordprojekteerimine-150x150.png 150w\" sizes=\"auto, (max-width: 512px) 100vw, 512px\" \/><\/figure>\n\n\n\n<h4 class=\"wp-block-heading has-text-align-center\">P\u00f6\u00f6rd-projekteerimine<\/h4>\n\n\n\n<p class=\"has-text-align-center\">Saate olemasoleva toote skaneerida, mudelit muuta ja seej\u00e4rel printida uue toote.<\/p>\n<\/div>\n<\/div>\n\n\n\n<div class=\"hero-block my-64 my-md-80 my-xxl-120 overflow-visible mt-0 pt-0\" id=\"teenused\"><div class=\"container-lg bg-secondary rounded-lg-3\"><div class=\"row align-items-start gx-lg-64 gx-xl-80\"><div class=\"col-12 col-lg-6 order-lg-first pt-32\"><figure class=\"ratio ratio-4x3 mb-lg-32\"><img loading=\"lazy\" decoding=\"async\" src=\"https:\/\/sakumetall.ee\/wp-content\/uploads\/sites\/4\/2025\/01\/ezgif-7-70d700153c.jpg\" alt=\"\" class=\"wp-image-162 w-100 h-100 of-cover\" width=\"1354\" height=\"903\" srcset=\"https:\/\/sakumetall.ee\/3d-print\/wp-content\/uploads\/sites\/4\/2025\/01\/ezgif-7-70d700153c.jpg 1354w, https:\/\/sakumetall.ee\/3d-print\/wp-content\/uploads\/sites\/4\/2025\/01\/ezgif-7-70d700153c-300x200.jpg 300w, https:\/\/sakumetall.ee\/3d-print\/wp-content\/uploads\/sites\/4\/2025\/01\/ezgif-7-70d700153c-1024x683.jpg 1024w, https:\/\/sakumetall.ee\/3d-print\/wp-content\/uploads\/sites\/4\/2025\/01\/ezgif-7-70d700153c-768x512.jpg 768w\" sizes=\"auto, (max-width: 1354px) 100vw, 1354px\" \/><\/figure><\/div><div class=\"col-12 col-lg-6 py-32\"><div class=\"pe-lg-32\">\n<h2 class=\"wp-block-heading\">SLS 3D printimine<\/h2>\n\n\n\n<p><\/p>\n\n\n\n<p class=\"has-medium-font-size\">Tehnoloogia:<br>Formlabs Fuse 1+30W<\/p>\n\n\n\n<p>Max mudeli suurus:<br>159 \u00d7 159 \u00d7 295 mm<\/p>\n\n\n\n<p>Materjal:<br>Pakume 3D printimise teenust Nylon 12 materjaliga. Suuremate tellimuste puhul on v\u00f5imalik kasutada ka TPU-d, mis on kummilaadne elastne materjal, sobilik painduvate detailide loomiseks.<\/p>\n\n\n\n<p class=\"has-medium-font-size\">SLS (Selective Laser Sintering) tehnoloogia erip\u00e4raks on see, et pulber ise toetab printimise ajal detaile. See t\u00e4hendab, et t\u00e4iendavaid toetuskonstruktsioone ei ole vaja, mis muudab tehnoloogia ideaalseks keerukate geomeetriatega detailide valmistamisel.<\/p>\n\n\n\n<p><\/p>\n\n\n\n<div class=\"wp-block-buttons is-layout-flex wp-block-buttons-is-layout-flex\">\n<div class=\"wp-block-button is-style-outline-primary\"><a class=\"wp-block-button__link wp-element-button\" href=\"#kontakt\">Saada p\u00e4ring<\/a><\/div>\n<\/div>\n<\/div><\/div><\/div><\/div><\/div>\n\n\n\n<div class=\"hero-block my-64 my-md-80 my-xxl-120 overflow-visible\"><div class=\"container-lg bg-secondary rounded-lg-3\"><div class=\"row align-items-start gx-lg-64 gx-xl-80\"><div class=\"col-12 col-lg-6 order-lg-last pt-32\"><figure class=\"ratio ratio-4x3 mb-lg-32\"><img loading=\"lazy\" decoding=\"async\" src=\"https:\/\/sakumetall.ee\/wp-content\/uploads\/sites\/4\/2025\/01\/peel-2-cad-3d-scanner-main-img.jpeg__1354x0_q85_subsampling-2.jpg\" alt=\"\" class=\"wp-image-159 w-100 h-100 of-cover\" width=\"1354\" height=\"903\" srcset=\"https:\/\/sakumetall.ee\/3d-print\/wp-content\/uploads\/sites\/4\/2025\/01\/peel-2-cad-3d-scanner-main-img.jpeg__1354x0_q85_subsampling-2.jpg 1354w, https:\/\/sakumetall.ee\/3d-print\/wp-content\/uploads\/sites\/4\/2025\/01\/peel-2-cad-3d-scanner-main-img.jpeg__1354x0_q85_subsampling-2-300x200.jpg 300w, https:\/\/sakumetall.ee\/3d-print\/wp-content\/uploads\/sites\/4\/2025\/01\/peel-2-cad-3d-scanner-main-img.jpeg__1354x0_q85_subsampling-2-1024x683.jpg 1024w, https:\/\/sakumetall.ee\/3d-print\/wp-content\/uploads\/sites\/4\/2025\/01\/peel-2-cad-3d-scanner-main-img.jpeg__1354x0_q85_subsampling-2-768x512.jpg 768w\" sizes=\"auto, (max-width: 1354px) 100vw, 1354px\" \/><\/figure><\/div><div class=\"col-12 col-lg-6 py-32\"><div class=\"ps-lg-32\">\n<h2 class=\"wp-block-heading\">3D skanneerimine<\/h2>\n\n\n\n<p><\/p>\n\n\n\n<p class=\"has-medium-font-size\">Tehnoloogia:<br>Creaform Handyscan Black Elite<\/p>\n\n\n\n<p>T\u00e4psus:<br>0,012mm<\/p>\n\n\n\n<p>Meie 3D-skanner v\u00f5imaldab objekti t\u00e4pse geomeetria fikseerimist ja digitaalsete mudelite loomist. Skaneerimine on abiks detailide p\u00f6\u00f6rdprojekteerimisel, CAD-mudelite koostamisel tulevaste tootmists\u00fcklite jaoks ning protot\u00fc\u00fcpide t\u00e4iustamisel, kus olemasolev toode skaneeritakse, mudel muudetakse ja seej\u00e4rel uuesti prinditakse.<\/p>\n\n\n\n<p class=\"has-medium-font-size\">Seade on mobiilne, mis t\u00e4hendab, et saame minna otse m\u00f5\u00f5detava objekti juurde. Saku Metall Grupi siseselt rakendame 3D-skannerit ka kvaliteedikontrolli m\u00f5\u00f5distusteks, et tagada toodete vastavus k\u00f5rgetele standarditele.<\/p>\n\n\n\n<p><\/p>\n\n\n\n<div class=\"wp-block-buttons is-layout-flex wp-block-buttons-is-layout-flex\">\n<div class=\"wp-block-button is-style-outline-primary\"><a class=\"wp-block-button__link wp-element-button\" href=\"#kontakt\">Saada p\u00e4ring<\/a><\/div>\n<\/div>\n<\/div><\/div><\/div><\/div><\/div>\n\n\n\n<div class=\"content-background-block my-64 my-md-80 my-xxl-120\"><div class=\"container-lg\"><div class=\"row justify-content-center\"><div class=\"content-background col-12 col-lg-10\">\n<h2 class=\"wp-block-heading has-text-align-center\">Meist<\/h2>\n\n\n\n<p class=\"has-text-align-center\">Saku Metall 3D Print on Saku Metall Grupi osa, millel on \u00fcle kolme aasta kogemust 3D printimise valdkonnas. Algusest peale oleme toetanud oma Grupi ettev\u00f5tteid, pakkudes protot\u00fc\u00fcpimiseks vajalikke detaile. T\u00e4na oleme valmis laiendama oma teenuseid ka teistele ettev\u00f5tetele, pakkudes t\u00e4pset ja kvaliteetset 3D printimist erinevates t\u00f6\u00f6stusharudes.<\/p>\n<\/div><\/div><\/div><\/div>\n\n\n\n<div class=\"content-background-block my-64 my-md-80 my-xxl-120 has-white-color has-text-color wp-elements-6b49de06d8de2778d399d530830706c2\" id=\"kontakt\"><div class=\"container-lg\"><div class=\"row justify-content-center\"><div class=\"content-background col-12 col-lg-10\"><div class=\"forminator-ui forminator-custom-form forminator-custom-form-211 forminator-design--default  forminator_ajax\" data-forminator-render=\"0\" data-form=\"forminator-module-211\" data-uid=\"69d6d836b20d7\"><br\/><\/div><form\n\t\t\t\tid=\"forminator-module-211\"\n\t\t\t\tclass=\"forminator-ui forminator-custom-form forminator-custom-form-211 forminator-design--default  forminator_ajax\"\n\t\t\t\tmethod=\"post\"\n\t\t\t\tdata-forminator-render=\"0\"\n\t\t\t\tdata-form-id=\"211\"\n\t\t\t\tenctype=\"multipart\/form-data\" data-color-option=\"theme\" data-design=\"default\" data-grid=\"open\" style=\"display: none;\"\n\t\t\t\tdata-uid=\"69d6d836b20d7\"\n\t\t\t><div role=\"alert\" aria-live=\"polite\" class=\"forminator-response-message forminator-error\" aria-hidden=\"true\"><\/div><div class=\"forminator-row\"><div id=\"section-1\" class=\"forminator-field-section forminator-col forminator-col-12 \"><div class=\"forminator-field\"><h2 class=\"forminator-title\">Saada p\u00e4ring<\/h2><\/div><\/div><\/div><div class=\"forminator-row\"><div id=\"name-1\" class=\"forminator-field-name forminator-col forminator-col-12 \"><div class=\"forminator-field\"><label for=\"forminator-field-name-1_69d6d836b20d7\" id=\"forminator-field-name-1_69d6d836b20d7-label\" class=\"forminator-label\">Nimi \/ Ettev\u00f5te <span class=\"forminator-required\">*<\/span><\/label><input type=\"text\" name=\"name-1\" value=\"\" placeholder=\"\" id=\"forminator-field-name-1_69d6d836b20d7\" class=\"forminator-input forminator-name--field\" aria-required=\"true\" autocomplete=\"name\" \/><\/div><\/div><\/div><div class=\"forminator-row\"><div id=\"email-1\" class=\"forminator-field-email forminator-col forminator-col-12 \"><div class=\"forminator-field\"><label for=\"forminator-field-email-1_69d6d836b20d7\" id=\"forminator-field-email-1_69d6d836b20d7-label\" class=\"forminator-label\">Email <span class=\"forminator-required\">*<\/span><\/label><input type=\"email\" name=\"email-1\" value=\"\" placeholder=\"\" id=\"forminator-field-email-1_69d6d836b20d7\" class=\"forminator-input forminator-email--field\" data-required=\"true\" aria-required=\"true\" autocomplete=\"email\" \/><\/div><\/div><\/div><div class=\"forminator-row\"><div id=\"upload-1\" class=\"forminator-field-upload forminator-col forminator-col-12 \"><div class=\"forminator-field\"><label for=\"forminator-field-upload-1_69d6d836b20d7\" id=\"forminator-field-upload-1_69d6d836b20d7-label\" class=\"forminator-label\">Laadi \u00fcles 3D mudel \/ fail<\/label><div class=\"forminator-multi-upload \" data-element=\"upload-1_69d6d836b20d7\"><input type=\"file\" name=\"upload-1[]\" id=\"forminator-field-upload-1_69d6d836b20d7\" class=\"forminator-input-file forminator-field-upload-1_69d6d836b20d7-211\" multiple=\"multiple\" data-method=\"ajax\" accept=\".jpg,.jpeg,.jpe,.png,.gif,.mov,.qt,.avif,.avi,.mpeg,.mpg,.mpe,.3gp,.3gpp,.3g2,.3gp2,.mid,.midi,.pdf,.doc,.docx,.docm,.pot,.pps,.ppt,.pptx,.pptm,.odt,.ppsx,.ppsm,.xla,.xls,.xlt,.xlw,.xlsx,.xlsm,.xlsb,.key,.mp3,.m4a,.m4b,.ogg,.oga,.wma,.wav,.x-wav,.mp4,.m4v,.webm,.ogv,.wmv,.flv,.stl,.stp,.step\" data-size=\"8000000\" data-size-message=\"Maksimaalne lubatud failimaht on 8 MB. \" data-filetype=\"jpg|jpeg|jpe|png|gif|mov|qt|avif|avi|mpeg|mpg|mpe|3gp|3gpp|3g2|3gp2|mid|midi|pdf|doc|docx|docm|pot|pps|ppt|pptx|pptm|odt|ppsx|ppsm|xla|xls|xlt|xlw|xlsx|xlsm|xlsb|key|mp3|m4a|m4b|ogg|oga|wma|wav|x-wav|mp4|m4v|webm|ogv|wmv|flv|stl|stp|step\" data-filetype-message=\"faililaiend pole lubatud.\"><div class=\"forminator-multi-upload-message\" aria-hidden=\"true\"><span class=\"forminator-icon-upload\" aria-hidden=\"true\"><\/span><p>Lohista siia v\u00f5i <a class=\"forminator-upload-file--forminator-field-upload-1_69d6d836b20d7\" href=\"#\" onclick=\"return false;\">vali failid<\/a><\/p><\/div><\/div><ul class=\"forminator-uploaded-files upload-container-upload-1_69d6d836b20d7\"><\/ul><\/div><\/div><\/div><div class=\"forminator-row\"><div id=\"number-1\" class=\"forminator-field-number forminator-col forminator-col-12 \"><div class=\"forminator-field\"><label for=\"forminator-field-number-1_69d6d836b20d7\" id=\"forminator-field-number-1_69d6d836b20d7-label\" class=\"forminator-label\">Kogus<\/label><input name=\"number-1\" value=\"\" placeholder=\"\" id=\"forminator-field-number-1_69d6d836b20d7\" class=\"forminator-input forminator-number--field\" inputmode=\"decimal\" data-required=\"\" data-decimals=\"0\" aria-required=\"false\" data-inputmask=\"&#039;groupSeparator&#039;: &#039;&#039;, &#039;radixPoint&#039;: &#039;&#039;, &#039;digits&#039;: &#039;0&#039;\" data-hidden-behavior=\"zero\" type=\"number\" step=\"any\" min=\"1\" \/><\/div><\/div><\/div><div class=\"forminator-row\"><div id=\"textarea-1\" class=\"forminator-field-textarea forminator-col forminator-col-12 \"><div class=\"forminator-field\"><label for=\"forminator-field-textarea-1_69d6d836b20d7\" id=\"forminator-field-textarea-1_69d6d836b20d7-label\" class=\"forminator-label\">Kiri<\/label><span id=\"forminator-field-textarea-1_69d6d836b20d7-description\" class=\"forminator-description\"><span data-limit=\"180\" data-type=\"characters\" data-editor=\"\">0 \/ 180<\/span><\/span><textarea name=\"textarea-1\" placeholder=\"\" id=\"forminator-field-textarea-1_69d6d836b20d7\" class=\"forminator-textarea\" rows=\"6\" style=\"min-height:140px;\" maxlength=\"180\" ><\/textarea><\/div><\/div><\/div><input type=\"hidden\" name=\"referer_url\" value=\"\" \/><div class=\"forminator-row forminator-row-last\"><div class=\"forminator-col\"><div class=\"forminator-field\"><button class=\"forminator-button forminator-button-submit\">Saada<\/button><\/div><\/div><\/div><input type=\"hidden\" id=\"forminator_nonce\" name=\"forminator_nonce\" value=\"c4c9adffe4\" \/><input type=\"hidden\" name=\"_wp_http_referer\" value=\"\/3d-print\/wp-json\/wp\/v2\/pages\/8\" \/><input type=\"hidden\" name=\"form_id\" value=\"211\"><input type=\"hidden\" name=\"page_id\" value=\"8\"><input type=\"hidden\" name=\"form_type\" value=\"default\"><input type=\"hidden\" name=\"current_url\" value=\"https:\/\/sakumetall.ee\/3d-print\/\"><input type=\"hidden\" name=\"render_id\" value=\"0\"><input type=\"hidden\" name=\"forminator-multifile-hidden\" class=\"forminator-multifile-hidden\"><input type=\"hidden\" name=\"action\" value=\"forminator_submit_form_custom-forms\"><\/form>\n<\/div><\/div><\/div><\/div>\n","protected":false},"excerpt":{"rendered":"<p>\u00dclit\u00e4pne Kihi paksus 110 mikronit,laseri t\u00e4psus 247 mikronit. Ei vaja pinna j\u00e4relt\u00f6\u00f6tlust Printerist tuleb v\u00e4lja detail, mis ei vaja pinna j\u00e4relt\u00f6\u00f6tlust. Detailid puhastatakse liivapritsiga. P\u00f6\u00f6rd-projekteerimine Saate olemasoleva toote skaneerida, mudelit muuta ja seej\u00e4rel printida uue toote.<\/p>\n","protected":false},"author":21,"featured_media":0,"parent":0,"menu_order":0,"comment_status":"closed","ping_status":"closed","template":"","meta":{"rwd_hide_page_header":true,"footnotes":""},"class_list":["post-8","page","type-page","status-publish","hentry"],"yoast_head":"<title>Saku Metall 3D Print<\/title>\n<meta name=\"robots\" content=\"index, follow, max-snippet:-1, max-image-preview:large, max-video-preview:-1\" \/>\n<link rel=\"canonical\" href=\"https:\/\/sakumetall.ee\/3d-print\/\" \/>\n<meta property=\"og:locale\" content=\"et_EE\" \/>\n<meta property=\"og:type\" content=\"article\" \/>\n<meta property=\"og:title\" content=\"Saku Metall 3D Print\" \/>\n<meta property=\"og:description\" content=\"\u00dclit\u00e4pne Kihi paksus 110 mikronit,laseri t\u00e4psus 247 mikronit. Ei vaja pinna j\u00e4relt\u00f6\u00f6tlust Printerist tuleb v\u00e4lja detail, mis ei vaja pinna j\u00e4relt\u00f6\u00f6tlust. Detailid puhastatakse liivapritsiga. P\u00f6\u00f6rd-projekteerimine Saate olemasoleva toote skaneerida, mudelit muuta ja seej\u00e4rel printida uue toote.\" \/>\n<meta property=\"og:url\" content=\"https:\/\/sakumetall.ee\/3d-print\/\" \/>\n<meta property=\"og:site_name\" content=\"Saku Metall 3D Print\" \/>\n<meta property=\"article:modified_time\" content=\"2025-09-09T12:53:22+00:00\" \/>\n<meta property=\"og:image\" content=\"https:\/\/sakumetall.ee\/3d-print\/wp-content\/uploads\/sites\/4\/2025\/06\/3D-print-Saku-Metall-1024x683.png\" \/>\n\t<meta property=\"og:image:width\" content=\"1024\" \/>\n\t<meta property=\"og:image:height\" content=\"683\" \/>\n\t<meta property=\"og:image:type\" content=\"image\/png\" \/>\n<meta name=\"twitter:card\" content=\"summary_large_image\" \/>\n<meta name=\"twitter:label1\" content=\"Arvestuslik lugemisaeg\" \/>\n\t<meta name=\"twitter:data1\" content=\"3 minutit\" \/>\n<script type=\"application\/ld+json\" class=\"yoast-schema-graph\">{\"@context\":\"https:\\\/\\\/schema.org\",\"@graph\":[{\"@type\":\"WebPage\",\"@id\":\"https:\\\/\\\/sakumetall.ee\\\/3d-print\\\/\",\"url\":\"https:\\\/\\\/sakumetall.ee\\\/3d-print\\\/\",\"name\":\"Saku Metall 3D Print\",\"isPartOf\":{\"@id\":\"https:\\\/\\\/sakumetall.ee\\\/3d-print\\\/#website\"},\"primaryImageOfPage\":{\"@id\":\"https:\\\/\\\/sakumetall.ee\\\/3d-print\\\/#primaryimage\"},\"image\":{\"@id\":\"https:\\\/\\\/sakumetall.ee\\\/3d-print\\\/#primaryimage\"},\"thumbnailUrl\":\"https:\\\/\\\/sakumetall.ee\\\/wp-content\\\/uploads\\\/sites\\\/4\\\/2025\\\/06\\\/3D-print-Saku-Metall.png\",\"datePublished\":\"2024-06-13T12:33:45+00:00\",\"dateModified\":\"2025-09-09T12:53:22+00:00\",\"breadcrumb\":{\"@id\":\"https:\\\/\\\/sakumetall.ee\\\/3d-print\\\/#breadcrumb\"},\"inLanguage\":\"et\",\"potentialAction\":[{\"@type\":\"ReadAction\",\"target\":[\"https:\\\/\\\/sakumetall.ee\\\/3d-print\\\/\"]}]},{\"@type\":\"ImageObject\",\"inLanguage\":\"et\",\"@id\":\"https:\\\/\\\/sakumetall.ee\\\/3d-print\\\/#primaryimage\",\"url\":\"https:\\\/\\\/sakumetall.ee\\\/wp-content\\\/uploads\\\/sites\\\/4\\\/2025\\\/06\\\/3D-print-Saku-Metall.png\",\"contentUrl\":\"https:\\\/\\\/sakumetall.ee\\\/wp-content\\\/uploads\\\/sites\\\/4\\\/2025\\\/06\\\/3D-print-Saku-Metall.png\"},{\"@type\":\"BreadcrumbList\",\"@id\":\"https:\\\/\\\/sakumetall.ee\\\/3d-print\\\/#breadcrumb\",\"itemListElement\":[{\"@type\":\"ListItem\",\"position\":1,\"name\":\"Home\",\"item\":\"https:\\\/\\\/sakumetall.ee\\\/3d-print\\\/\"},{\"@type\":\"ListItem\",\"position\":2,\"name\":\"Esileht\"}]},{\"@type\":\"WebSite\",\"@id\":\"https:\\\/\\\/sakumetall.ee\\\/3d-print\\\/#website\",\"url\":\"https:\\\/\\\/sakumetall.ee\\\/3d-print\\\/\",\"name\":\"Saku Metall 3D Print\",\"description\":\"\",\"publisher\":{\"@id\":\"https:\\\/\\\/sakumetall.ee\\\/3d-print\\\/#organization\"},\"potentialAction\":[{\"@type\":\"SearchAction\",\"target\":{\"@type\":\"EntryPoint\",\"urlTemplate\":\"https:\\\/\\\/sakumetall.ee\\\/3d-print\\\/?s={search_term_string}\"},\"query-input\":{\"@type\":\"PropertyValueSpecification\",\"valueRequired\":true,\"valueName\":\"search_term_string\"}}],\"inLanguage\":\"et\"},{\"@type\":\"Organization\",\"@id\":\"https:\\\/\\\/sakumetall.ee\\\/3d-print\\\/#organization\",\"name\":\"Saku Metall 3D Print\",\"url\":\"https:\\\/\\\/sakumetall.ee\\\/3d-print\\\/\",\"logo\":{\"@type\":\"ImageObject\",\"inLanguage\":\"et\",\"@id\":\"https:\\\/\\\/sakumetall.ee\\\/3d-print\\\/#\\\/schema\\\/logo\\\/image\\\/\",\"url\":\"https:\\\/\\\/sakumetall.ee\\\/3d-print\\\/wp-content\\\/uploads\\\/sites\\\/4\\\/2025\\\/01\\\/SakuMetall.svg\",\"contentUrl\":\"https:\\\/\\\/sakumetall.ee\\\/3d-print\\\/wp-content\\\/uploads\\\/sites\\\/4\\\/2025\\\/01\\\/SakuMetall.svg\",\"width\":256,\"height\":77,\"caption\":\"Saku Metall 3D Print\"},\"image\":{\"@id\":\"https:\\\/\\\/sakumetall.ee\\\/3d-print\\\/#\\\/schema\\\/logo\\\/image\\\/\"}}]}<\/script>","yoast_head_json":{"title":"Saku Metall 3D Print","robots":{"index":"index","follow":"follow","max-snippet":"max-snippet:-1","max-image-preview":"max-image-preview:large","max-video-preview":"max-video-preview:-1"},"canonical":"https:\/\/sakumetall.ee\/3d-print\/","og_locale":"et_EE","og_type":"article","og_title":"Saku Metall 3D Print","og_description":"\u00dclit\u00e4pne Kihi paksus 110 mikronit,laseri t\u00e4psus 247 mikronit. Ei vaja pinna j\u00e4relt\u00f6\u00f6tlust Printerist tuleb v\u00e4lja detail, mis ei vaja pinna j\u00e4relt\u00f6\u00f6tlust. Detailid puhastatakse liivapritsiga. P\u00f6\u00f6rd-projekteerimine Saate olemasoleva toote skaneerida, mudelit muuta ja seej\u00e4rel printida uue toote.","og_url":"https:\/\/sakumetall.ee\/3d-print\/","og_site_name":"Saku Metall 3D Print","article_modified_time":"2025-09-09T12:53:22+00:00","og_image":[{"width":1024,"height":683,"url":"https:\/\/sakumetall.ee\/3d-print\/wp-content\/uploads\/sites\/4\/2025\/06\/3D-print-Saku-Metall-1024x683.png","type":"image\/png"}],"twitter_card":"summary_large_image","twitter_misc":{"Arvestuslik lugemisaeg":"3 minutit"},"schema":{"@context":"https:\/\/schema.org","@graph":[{"@type":"WebPage","@id":"https:\/\/sakumetall.ee\/3d-print\/","url":"https:\/\/sakumetall.ee\/3d-print\/","name":"Saku Metall 3D Print","isPartOf":{"@id":"https:\/\/sakumetall.ee\/3d-print\/#website"},"primaryImageOfPage":{"@id":"https:\/\/sakumetall.ee\/3d-print\/#primaryimage"},"image":{"@id":"https:\/\/sakumetall.ee\/3d-print\/#primaryimage"},"thumbnailUrl":"https:\/\/sakumetall.ee\/wp-content\/uploads\/sites\/4\/2025\/06\/3D-print-Saku-Metall.png","datePublished":"2024-06-13T12:33:45+00:00","dateModified":"2025-09-09T12:53:22+00:00","breadcrumb":{"@id":"https:\/\/sakumetall.ee\/3d-print\/#breadcrumb"},"inLanguage":"et","potentialAction":[{"@type":"ReadAction","target":["https:\/\/sakumetall.ee\/3d-print\/"]}]},{"@type":"ImageObject","inLanguage":"et","@id":"https:\/\/sakumetall.ee\/3d-print\/#primaryimage","url":"https:\/\/sakumetall.ee\/wp-content\/uploads\/sites\/4\/2025\/06\/3D-print-Saku-Metall.png","contentUrl":"https:\/\/sakumetall.ee\/wp-content\/uploads\/sites\/4\/2025\/06\/3D-print-Saku-Metall.png"},{"@type":"BreadcrumbList","@id":"https:\/\/sakumetall.ee\/3d-print\/#breadcrumb","itemListElement":[{"@type":"ListItem","position":1,"name":"Home","item":"https:\/\/sakumetall.ee\/3d-print\/"},{"@type":"ListItem","position":2,"name":"Esileht"}]},{"@type":"WebSite","@id":"https:\/\/sakumetall.ee\/3d-print\/#website","url":"https:\/\/sakumetall.ee\/3d-print\/","name":"Saku Metall 3D Print","description":"","publisher":{"@id":"https:\/\/sakumetall.ee\/3d-print\/#organization"},"potentialAction":[{"@type":"SearchAction","target":{"@type":"EntryPoint","urlTemplate":"https:\/\/sakumetall.ee\/3d-print\/?s={search_term_string}"},"query-input":{"@type":"PropertyValueSpecification","valueRequired":true,"valueName":"search_term_string"}}],"inLanguage":"et"},{"@type":"Organization","@id":"https:\/\/sakumetall.ee\/3d-print\/#organization","name":"Saku Metall 3D Print","url":"https:\/\/sakumetall.ee\/3d-print\/","logo":{"@type":"ImageObject","inLanguage":"et","@id":"https:\/\/sakumetall.ee\/3d-print\/#\/schema\/logo\/image\/","url":"https:\/\/sakumetall.ee\/3d-print\/wp-content\/uploads\/sites\/4\/2025\/01\/SakuMetall.svg","contentUrl":"https:\/\/sakumetall.ee\/3d-print\/wp-content\/uploads\/sites\/4\/2025\/01\/SakuMetall.svg","width":256,"height":77,"caption":"Saku Metall 3D Print"},"image":{"@id":"https:\/\/sakumetall.ee\/3d-print\/#\/schema\/logo\/image\/"}}]}},"_links":{"self":[{"href":"https:\/\/sakumetall.ee\/3d-print\/wp-json\/wp\/v2\/pages\/8","targetHints":{"allow":["GET"]}}],"collection":[{"href":"https:\/\/sakumetall.ee\/3d-print\/wp-json\/wp\/v2\/pages"}],"about":[{"href":"https:\/\/sakumetall.ee\/3d-print\/wp-json\/wp\/v2\/types\/page"}],"author":[{"embeddable":true,"href":"https:\/\/sakumetall.ee\/3d-print\/wp-json\/wp\/v2\/users\/21"}],"replies":[{"embeddable":true,"href":"https:\/\/sakumetall.ee\/3d-print\/wp-json\/wp\/v2\/comments?post=8"}],"version-history":[{"count":89,"href":"https:\/\/sakumetall.ee\/3d-print\/wp-json\/wp\/v2\/pages\/8\/revisions"}],"predecessor-version":[{"id":282,"href":"https:\/\/sakumetall.ee\/3d-print\/wp-json\/wp\/v2\/pages\/8\/revisions\/282"}],"wp:attachment":[{"href":"https:\/\/sakumetall.ee\/3d-print\/wp-json\/wp\/v2\/media?parent=8"}],"curies":[{"name":"wp","href":"https:\/\/api.w.org\/{rel}","templated":true}]}}