{"id":3880,"date":"2016-01-26T17:16:41","date_gmt":"2016-01-26T15:16:41","guid":{"rendered":"https:\/\/sakumetall.ee\/uksetehas?page_id=3880"},"modified":"2024-04-08T14:28:55","modified_gmt":"2024-04-08T11:28:55","slug":"paigaldusjuhendid","status":"publish","type":"page","link":"https:\/\/sakumetall.ee\/uksetehas\/hooldus-2\/paigaldusjuhendid\/","title":{"rendered":"Paigaldusjuhendid"},"content":{"rendered":"<p>Meiepoolne garantii kehtib eeldusel, et toode <strong>paigaldatakse<\/strong> ning toodet <strong>kasutatakse<\/strong> ja <strong>hooldatakse<\/strong> vastavalt toote paigaldus-, kasutus- ja hooldusjuhenditele.<\/p>\n<ul>\n<li><a target=\"_blank\" href=\"https:\/\/sakumetall.ee\/uksetehas\/wp-content\/uploads\/sites\/2\/2019\/10\/17.00.09-Metallukse-paigaldusjuhend_ver11-191014.pdf\" rel=\"noopener\">Metallukse paigaldusjuhend<\/a><\/li>\n<li><a target=\"_blank\" href=\"https:\/\/sakumetall.ee\/uksetehas\/wp-content\/uploads\/sites\/2\/2015\/06\/17.00.101-Metallukse-vastaslengi-paigaldusjuhend_ver02-150206.pdf\" rel=\"noopener\">Metallukse vastaslengi paigaldusjuhend<\/a><\/li>\n<li><a target=\"_blank\" href=\"https:\/\/sakumetall.ee\/uksetehas\/wp-content\/uploads\/sites\/2\/2024\/04\/Metall-tuletokke-turvaukse-FQ-EI30-paigaldamine-1.pdf\" rel=\"noopener\">Metall-tulet\u00f5kke-turvaukse FQ EI30 paigaldusjuhend<\/a><\/li>\n<li><a target=\"_blank\" href=\"https:\/\/sakumetall.ee\/uksetehas\/wp-content\/uploads\/sites\/2\/2024\/04\/Metall-tuletokke-lukandukse-FL75-EI60-MFD091-paigaldamine-1.pdf\" rel=\"noopener\">Metall-tulet\u00f5kke l\u00fckandukse FL75 EI60 (MFD091) paigaldusjuhend<\/a><\/li>\n<li><a target=\"_blank\" href=\"https:\/\/sakumetall.ee\/uksetehas\/wp-content\/uploads\/sites\/2\/2019\/12\/17.00.56-Metall-tulet\u00f5kkeukse-FG-ja-FQL-paigaldusjuhend_ver13-191204.pdf\" rel=\"noopener\"> Metall-tulet\u00f5kkeuste FG ja FQ(L) EI30, EI60 ja EI120 paigaldusjuhend<\/a><\/li>\n<li><a target=\"_blank\" href=\"https:\/\/sakumetall.ee\/uksetehas\/wp-content\/uploads\/sites\/2\/2015\/06\/17.00.57-Metall-tulet\u00f5kke-l\u00fckandukse-FL75-EI60-MFD090-paigaldusjuhend_ver04-150216.pdf\" rel=\"noopener\">Metall-tulet\u00f5kke l\u00fckandukse FL75 EI60 MFD090 paigaldusjuhend<\/a><\/li>\n<li><a target=\"_blank\" href=\"https:\/\/sakumetall.ee\/uksetehas\/wp-content\/uploads\/sites\/2\/2024\/04\/Metall-tuletokkeluugi-FQ-paigaldamine-1.pdf\" rel=\"noopener\">Metall-tulet\u00f5kkeluugi FQ paigaldusjuhend<\/a><\/li>\n<li><a target=\"_blank\" href=\"https:\/\/sakumetall.ee\/uksetehas\/wp-content\/uploads\/sites\/2\/2016\/01\/17.00.78-Profiill\u00fckandukse-paigaldusjuhend-ver01-110531.pdf\" rel=\"noopener\">Profiill\u00fckandukse paigaldusjuhend<\/a><\/li>\n<li><a target=\"_blank\" href=\"https:\/\/sakumetall.ee\/uksetehas\/wp-content\/uploads\/sites\/2\/2020\/03\/17.00.48-Presto-profiilis\u00fcsteemist-sisetoodete-paigaldusjuhend-v\u00e4line-ver04-200304.pdf\" rel=\"noopener\">Presto profiilis\u00fcsteemist sisetoodete paigaldusjuhend<\/a><\/li>\n<li><a href=\"https:\/\/sakumetall.ee\/uksetehas\/wp-content\/uploads\/sites\/2\/2020\/03\/17.00.74-Forster-Presto-v\u00e4listoodete-paigaldusjuhend-v\u00e4line-ver04-200403.pdf\">Forster Presto v\u00e4listoodete paigaldusjuhend<\/a><\/li>\n<li><a target=\"_blank\" href=\"https:\/\/sakumetall.ee\/uksetehas\/wp-content\/uploads\/sites\/2\/2019\/11\/17.00.45-Forster-Unico-valistoodete-paigaldusjuhend-v\u00e4lineEST.pdf\" rel=\"noopener\">Forster Unico v\u00e4listoodete paigaldusjuhend<\/a><\/li>\n<li><a target=\"_blank\" href=\"https:\/\/sakumetall.ee\/uksetehas\/wp-content\/uploads\/sites\/2\/2020\/02\/17.00.35-Tulet\u00f5kke-profiiltoote-paigaldusjuhend-EI60-v\u00e4line-ver07.pdf\" rel=\"noopener\">Tulet\u00f5kke profiiltoote paigaldusjuhend EI60<\/a><\/li>\n<li><a target=\"_blank\" href=\"https:\/\/sakumetall.ee\/uksetehas\/wp-content\/uploads\/sites\/2\/2020\/02\/17.00.34-Tulet\u00f5kke-profiiltoote-paigaldusjuhend-EI30-v\u00e4line-ver09.pdf\" rel=\"noopener\">Tulet\u00f5kke profiiltoote paigaldusjuhend EI30<\/a><\/li>\n<li><a target=\"_blank\" href=\"https:\/\/sakumetall.ee\/uksetehas\/wp-content\/uploads\/sites\/2\/2019\/11\/17.00.33-Tulet\u00f5kke-profiiltoote-paigaldusjuhend-E60-_v\u00e4line.pdf\" rel=\"noopener\">Tulet\u00f5kke profiiltoote paigaldusjuhend E60<\/a><\/li>\n<li><a target=\"_blank\" href=\"https:\/\/sakumetall.ee\/uksetehas\/wp-content\/uploads\/sites\/2\/2019\/11\/17.00.31-Tulet\u00f5kke-profiiltoote-paigaldusjuhend-E30-_v\u00e4line.pdf\" rel=\"noopener\">Tulet\u00f5kke profiiltoote paigaldusjuhend E30<\/a><\/li>\n<li><a target=\"_blank\" href=\"https:\/\/sakumetall.ee\/uksetehas\/wp-content\/uploads\/sites\/2\/2016\/01\/RES200-Kodugaraa\u017eiukse-paigaldusjuhend-EST_ver01_small.pdf\" rel=\"noopener\">RES200 Kodugaraa\u017eiukse paigaldusjuhend EST<\/a><\/li>\n<li><a target=\"_blank\" href=\"https:\/\/sakumetall.ee\/uksetehas\/wp-content\/uploads\/sites\/2\/2016\/01\/RES350-Kodugaraa\u017eiukse-paigaldusjuhend-EST_ver02_small.pdf\" rel=\"noopener\">RES350 Kodugaraa\u017eiukse paigaldusjuhend EST<\/a><\/li>\n<\/ul>\n<p>&nbsp;<\/p>\n<p>&nbsp;<\/p>\n","protected":false},"excerpt":{"rendered":"<p>Meiepoolne garantii kehtib eeldusel, et toode paigaldatakse ning toodet kasutatakse ja hooldatakse vastavalt toote paigaldus-, kasutus- ja hooldusjuhenditele. Metallukse paigaldusjuhend Metallukse vastaslengi paigaldusjuhend Metall-tulet\u00f5kke-turvaukse FQ EI30 paigaldusjuhend Metall-tulet\u00f5kke l\u00fckandukse FL75 EI60 (MFD091) paigaldusjuhend Metall-tulet\u00f5kkeuste FG ja FQ(L) EI30, EI60 ja EI120 paigaldusjuhend Metall-tulet\u00f5kke l\u00fckandukse FL75 EI60 MFD090 paigaldusjuhend Metall-tulet\u00f5kkeluugi FQ paigaldusjuhend Profiill\u00fckandukse paigaldusjuhend Presto profiilis\u00fcsteemist &#8230;<\/p>\n","protected":false},"author":2,"featured_media":0,"parent":2499,"menu_order":1,"comment_status":"closed","ping_status":"closed","template":"","meta":{"footnotes":""},"class_list":["post-3880","page","type-page","status-publish","hentry"],"yoast_head":"<!-- This site is optimized with the Yoast SEO plugin v27.3 - https:\/\/yoast.com\/product\/yoast-seo-wordpress\/ -->\n<title>Paigaldusjuhendid<\/title>\n<meta name=\"description\" content=\"Saku Metall AS tegeleb uksetootmise ja allhankega. Pakume tulet\u00f5kkeuksi, metalluksi, profiil- ja l\u00fckanduksi ning garaa\u017ei- ja t\u00f6\u00f6stuslikke t\u00f5stuksi ning lehtmetallist allhanket\u00f6id. V\u00f5ta \u00fchendust!\" \/>\n<meta name=\"robots\" content=\"index, follow, max-snippet:-1, max-image-preview:large, max-video-preview:-1\" \/>\n<link rel=\"canonical\" href=\"https:\/\/sakumetall.ee\/uksetehas\/hooldus-2\/paigaldusjuhendid\/\" \/>\n<meta property=\"og:locale\" content=\"et_EE\" \/>\n<meta property=\"og:type\" content=\"article\" \/>\n<meta property=\"og:title\" content=\"Paigaldusjuhendid\" \/>\n<meta property=\"og:description\" content=\"Saku Metall AS tegeleb uksetootmise ja allhankega. Pakume tulet\u00f5kkeuksi, metalluksi, profiil- ja l\u00fckanduksi ning garaa\u017ei- ja t\u00f6\u00f6stuslikke t\u00f5stuksi ning lehtmetallist allhanket\u00f6id. V\u00f5ta \u00fchendust!\" \/>\n<meta property=\"og:url\" content=\"https:\/\/sakumetall.ee\/uksetehas\/hooldus-2\/paigaldusjuhendid\/\" \/>\n<meta property=\"og:site_name\" content=\"Uksetehas\" \/>\n<meta property=\"article:modified_time\" content=\"2024-04-08T11:28:55+00:00\" \/>\n<meta name=\"twitter:card\" content=\"summary_large_image\" \/>\n<meta name=\"twitter:label1\" content=\"Est. reading time\" \/>\n\t<meta name=\"twitter:data1\" content=\"1 minut\" \/>\n<script type=\"application\/ld+json\" class=\"yoast-schema-graph\">{\"@context\":\"https:\\\/\\\/schema.org\",\"@graph\":[{\"@type\":\"WebPage\",\"@id\":\"https:\\\/\\\/sakumetall.ee\\\/uksetehas\\\/hooldus-2\\\/paigaldusjuhendid\\\/\",\"url\":\"https:\\\/\\\/sakumetall.ee\\\/uksetehas\\\/hooldus-2\\\/paigaldusjuhendid\\\/\",\"name\":\"Paigaldusjuhendid\",\"isPartOf\":{\"@id\":\"https:\\\/\\\/sakumetall.ee\\\/uksetehas\\\/#website\"},\"datePublished\":\"2016-01-26T15:16:41+00:00\",\"dateModified\":\"2024-04-08T11:28:55+00:00\",\"description\":\"Saku Metall AS tegeleb uksetootmise ja allhankega. Pakume tulet\u00f5kkeuksi, metalluksi, profiil- ja l\u00fckanduksi ning garaa\u017ei- ja t\u00f6\u00f6stuslikke t\u00f5stuksi ning lehtmetallist allhanket\u00f6id. V\u00f5ta \u00fchendust!\",\"breadcrumb\":{\"@id\":\"https:\\\/\\\/sakumetall.ee\\\/uksetehas\\\/hooldus-2\\\/paigaldusjuhendid\\\/#breadcrumb\"},\"inLanguage\":\"et\",\"potentialAction\":[{\"@type\":\"ReadAction\",\"target\":[\"https:\\\/\\\/sakumetall.ee\\\/uksetehas\\\/hooldus-2\\\/paigaldusjuhendid\\\/\"]}]},{\"@type\":\"BreadcrumbList\",\"@id\":\"https:\\\/\\\/sakumetall.ee\\\/uksetehas\\\/hooldus-2\\\/paigaldusjuhendid\\\/#breadcrumb\",\"itemListElement\":[{\"@type\":\"ListItem\",\"position\":1,\"name\":\"Home\",\"item\":\"https:\\\/\\\/sakumetall.ee\\\/uksetehas\\\/\"},{\"@type\":\"ListItem\",\"position\":2,\"name\":\"Dokumentaatio\",\"item\":\"https:\\\/\\\/sakumetall.ee\\\/uksetehas\\\/hooldus-2\\\/\"},{\"@type\":\"ListItem\",\"position\":3,\"name\":\"Paigaldusjuhendid\"}]},{\"@type\":\"WebSite\",\"@id\":\"https:\\\/\\\/sakumetall.ee\\\/uksetehas\\\/#website\",\"url\":\"https:\\\/\\\/sakumetall.ee\\\/uksetehas\\\/\",\"name\":\"Uksetehas\",\"description\":\"Saku Metall AS tegeleb uksetootmise ja allhankega. Pakume tulet\u00f5kkeuksi, metalluksi, profiil- ja l\u00fckanduksi ning garaa\u017ei- ja t\u00f6\u00f6stuslikke t\u00f5stuksi ning lehtmetallist allhanket\u00f6id. V\u00f5ta \u00fchendust!\",\"potentialAction\":[{\"@type\":\"SearchAction\",\"target\":{\"@type\":\"EntryPoint\",\"urlTemplate\":\"https:\\\/\\\/sakumetall.ee\\\/uksetehas\\\/?s={search_term_string}\"},\"query-input\":{\"@type\":\"PropertyValueSpecification\",\"valueRequired\":true,\"valueName\":\"search_term_string\"}}],\"inLanguage\":\"et\"}]}<\/script>\n<!-- \/ Yoast SEO plugin. -->","yoast_head_json":{"title":"Paigaldusjuhendid","description":"Saku Metall AS tegeleb uksetootmise ja allhankega. Pakume tulet\u00f5kkeuksi, metalluksi, profiil- ja l\u00fckanduksi ning garaa\u017ei- ja t\u00f6\u00f6stuslikke t\u00f5stuksi ning lehtmetallist allhanket\u00f6id. V\u00f5ta \u00fchendust!","robots":{"index":"index","follow":"follow","max-snippet":"max-snippet:-1","max-image-preview":"max-image-preview:large","max-video-preview":"max-video-preview:-1"},"canonical":"https:\/\/sakumetall.ee\/uksetehas\/hooldus-2\/paigaldusjuhendid\/","og_locale":"et_EE","og_type":"article","og_title":"Paigaldusjuhendid","og_description":"Saku Metall AS tegeleb uksetootmise ja allhankega. Pakume tulet\u00f5kkeuksi, metalluksi, profiil- ja l\u00fckanduksi ning garaa\u017ei- ja t\u00f6\u00f6stuslikke t\u00f5stuksi ning lehtmetallist allhanket\u00f6id. V\u00f5ta \u00fchendust!","og_url":"https:\/\/sakumetall.ee\/uksetehas\/hooldus-2\/paigaldusjuhendid\/","og_site_name":"Uksetehas","article_modified_time":"2024-04-08T11:28:55+00:00","twitter_card":"summary_large_image","twitter_misc":{"Est. reading time":"1 minut"},"schema":{"@context":"https:\/\/schema.org","@graph":[{"@type":"WebPage","@id":"https:\/\/sakumetall.ee\/uksetehas\/hooldus-2\/paigaldusjuhendid\/","url":"https:\/\/sakumetall.ee\/uksetehas\/hooldus-2\/paigaldusjuhendid\/","name":"Paigaldusjuhendid","isPartOf":{"@id":"https:\/\/sakumetall.ee\/uksetehas\/#website"},"datePublished":"2016-01-26T15:16:41+00:00","dateModified":"2024-04-08T11:28:55+00:00","description":"Saku Metall AS tegeleb uksetootmise ja allhankega. Pakume tulet\u00f5kkeuksi, metalluksi, profiil- ja l\u00fckanduksi ning garaa\u017ei- ja t\u00f6\u00f6stuslikke t\u00f5stuksi ning lehtmetallist allhanket\u00f6id. V\u00f5ta \u00fchendust!","breadcrumb":{"@id":"https:\/\/sakumetall.ee\/uksetehas\/hooldus-2\/paigaldusjuhendid\/#breadcrumb"},"inLanguage":"et","potentialAction":[{"@type":"ReadAction","target":["https:\/\/sakumetall.ee\/uksetehas\/hooldus-2\/paigaldusjuhendid\/"]}]},{"@type":"BreadcrumbList","@id":"https:\/\/sakumetall.ee\/uksetehas\/hooldus-2\/paigaldusjuhendid\/#breadcrumb","itemListElement":[{"@type":"ListItem","position":1,"name":"Home","item":"https:\/\/sakumetall.ee\/uksetehas\/"},{"@type":"ListItem","position":2,"name":"Dokumentaatio","item":"https:\/\/sakumetall.ee\/uksetehas\/hooldus-2\/"},{"@type":"ListItem","position":3,"name":"Paigaldusjuhendid"}]},{"@type":"WebSite","@id":"https:\/\/sakumetall.ee\/uksetehas\/#website","url":"https:\/\/sakumetall.ee\/uksetehas\/","name":"Uksetehas","description":"Saku Metall AS tegeleb uksetootmise ja allhankega. Pakume tulet\u00f5kkeuksi, metalluksi, profiil- ja l\u00fckanduksi ning garaa\u017ei- ja t\u00f6\u00f6stuslikke t\u00f5stuksi ning lehtmetallist allhanket\u00f6id. V\u00f5ta \u00fchendust!","potentialAction":[{"@type":"SearchAction","target":{"@type":"EntryPoint","urlTemplate":"https:\/\/sakumetall.ee\/uksetehas\/?s={search_term_string}"},"query-input":{"@type":"PropertyValueSpecification","valueRequired":true,"valueName":"search_term_string"}}],"inLanguage":"et"}]}},"_links":{"self":[{"href":"https:\/\/sakumetall.ee\/uksetehas\/wp-json\/wp\/v2\/pages\/3880","targetHints":{"allow":["GET"]}}],"collection":[{"href":"https:\/\/sakumetall.ee\/uksetehas\/wp-json\/wp\/v2\/pages"}],"about":[{"href":"https:\/\/sakumetall.ee\/uksetehas\/wp-json\/wp\/v2\/types\/page"}],"author":[{"embeddable":true,"href":"https:\/\/sakumetall.ee\/uksetehas\/wp-json\/wp\/v2\/users\/2"}],"replies":[{"embeddable":true,"href":"https:\/\/sakumetall.ee\/uksetehas\/wp-json\/wp\/v2\/comments?post=3880"}],"version-history":[{"count":27,"href":"https:\/\/sakumetall.ee\/uksetehas\/wp-json\/wp\/v2\/pages\/3880\/revisions"}],"predecessor-version":[{"id":30291,"href":"https:\/\/sakumetall.ee\/uksetehas\/wp-json\/wp\/v2\/pages\/3880\/revisions\/30291"}],"up":[{"embeddable":true,"href":"https:\/\/sakumetall.ee\/uksetehas\/wp-json\/wp\/v2\/pages\/2499"}],"wp:attachment":[{"href":"https:\/\/sakumetall.ee\/uksetehas\/wp-json\/wp\/v2\/media?parent=3880"}],"curies":[{"name":"wp","href":"https:\/\/api.w.org\/{rel}","templated":true}]}}