{"id":9218,"date":"2018-09-10T15:55:44","date_gmt":"2018-09-10T12:55:44","guid":{"rendered":"https:\/\/sakumetall.ee\/uksetehas\/?page_id=9218"},"modified":"2018-09-12T11:38:56","modified_gmt":"2018-09-12T08:38:56","slug":"9218-2","status":"publish","type":"page","link":"https:\/\/sakumetall.ee\/uksetehas\/tehtud-tood\/9218-2\/","title":{"rendered":"Eesti Kunstiakadeemia uus maja"},"content":{"rendered":"<p>&nbsp;<\/p>\n<p><a href=\"https:\/\/sakumetall.ee\/uksetehas\/wp-content\/uploads\/sites\/2\/2018\/09\/ohtulehe_pilt2-1.jpg\"><img loading=\"lazy\" decoding=\"async\" width=\"1000\" height=\"666\" class=\"alignnone size-full wp-image-9242\" src=\"https:\/\/sakumetall.ee\/uksetehas\/wp-content\/uploads\/sites\/2\/2018\/09\/ohtulehe_pilt2-1.jpg\" alt=\"eesti kunstiakadeemia_saku metall uksetehas\" srcset=\"https:\/\/sakumetall.ee\/uksetehas\/wp-content\/uploads\/sites\/2\/2018\/09\/ohtulehe_pilt2-1.jpg 1000w, https:\/\/sakumetall.ee\/uksetehas\/wp-content\/uploads\/sites\/2\/2018\/09\/ohtulehe_pilt2-1-300x200.jpg 300w, https:\/\/sakumetall.ee\/uksetehas\/wp-content\/uploads\/sites\/2\/2018\/09\/ohtulehe_pilt2-1-768x511.jpg 768w, https:\/\/sakumetall.ee\/uksetehas\/wp-content\/uploads\/sites\/2\/2018\/09\/ohtulehe_pilt2-1-285x190.jpg 285w, https:\/\/sakumetall.ee\/uksetehas\/wp-content\/uploads\/sites\/2\/2018\/09\/ohtulehe_pilt2-1-150x100.jpg 150w, https:\/\/sakumetall.ee\/uksetehas\/wp-content\/uploads\/sites\/2\/2018\/09\/ohtulehe_pilt2-1-180x120.jpg 180w, https:\/\/sakumetall.ee\/uksetehas\/wp-content\/uploads\/sites\/2\/2018\/09\/ohtulehe_pilt2-1-400x266.jpg 400w\" sizes=\"auto, (max-width: 1000px) 100vw, 1000px\" \/><\/a><\/p>\n<p><a href=\"https:\/\/sakumetall.ee\/uksetehas\/wp-content\/uploads\/sites\/2\/2018\/09\/ohtulehe_pilt3.jpg\"><img loading=\"lazy\" decoding=\"async\" width=\"1000\" height=\"666\" class=\"alignnone size-full wp-image-9221\" src=\"https:\/\/sakumetall.ee\/uksetehas\/wp-content\/uploads\/sites\/2\/2018\/09\/ohtulehe_pilt3.jpg\" alt=\"eesti kunstiakadeemia_ saku ,etall uksetehas\" srcset=\"https:\/\/sakumetall.ee\/uksetehas\/wp-content\/uploads\/sites\/2\/2018\/09\/ohtulehe_pilt3.jpg 1000w, https:\/\/sakumetall.ee\/uksetehas\/wp-content\/uploads\/sites\/2\/2018\/09\/ohtulehe_pilt3-300x200.jpg 300w, https:\/\/sakumetall.ee\/uksetehas\/wp-content\/uploads\/sites\/2\/2018\/09\/ohtulehe_pilt3-768x511.jpg 768w, https:\/\/sakumetall.ee\/uksetehas\/wp-content\/uploads\/sites\/2\/2018\/09\/ohtulehe_pilt3-285x190.jpg 285w, https:\/\/sakumetall.ee\/uksetehas\/wp-content\/uploads\/sites\/2\/2018\/09\/ohtulehe_pilt3-150x100.jpg 150w, https:\/\/sakumetall.ee\/uksetehas\/wp-content\/uploads\/sites\/2\/2018\/09\/ohtulehe_pilt3-180x120.jpg 180w, https:\/\/sakumetall.ee\/uksetehas\/wp-content\/uploads\/sites\/2\/2018\/09\/ohtulehe_pilt3-400x266.jpg 400w\" sizes=\"auto, (max-width: 1000px) 100vw, 1000px\" \/><\/a><\/p>\n<p><a href=\"https:\/\/sakumetall.ee\/uksetehas\/wp-content\/uploads\/sites\/2\/2018\/09\/ohtulehe_pilt1.jpg\"><img loading=\"lazy\" decoding=\"async\" width=\"1000\" height=\"666\" class=\"alignnone size-full wp-image-9226\" src=\"https:\/\/sakumetall.ee\/uksetehas\/wp-content\/uploads\/sites\/2\/2018\/09\/ohtulehe_pilt1.jpg\" alt=\"eesti kunstiakadeemia_saku metall uksetehas\" srcset=\"https:\/\/sakumetall.ee\/uksetehas\/wp-content\/uploads\/sites\/2\/2018\/09\/ohtulehe_pilt1.jpg 1000w, https:\/\/sakumetall.ee\/uksetehas\/wp-content\/uploads\/sites\/2\/2018\/09\/ohtulehe_pilt1-300x200.jpg 300w, https:\/\/sakumetall.ee\/uksetehas\/wp-content\/uploads\/sites\/2\/2018\/09\/ohtulehe_pilt1-768x511.jpg 768w, https:\/\/sakumetall.ee\/uksetehas\/wp-content\/uploads\/sites\/2\/2018\/09\/ohtulehe_pilt1-285x190.jpg 285w, https:\/\/sakumetall.ee\/uksetehas\/wp-content\/uploads\/sites\/2\/2018\/09\/ohtulehe_pilt1-150x100.jpg 150w, https:\/\/sakumetall.ee\/uksetehas\/wp-content\/uploads\/sites\/2\/2018\/09\/ohtulehe_pilt1-180x120.jpg 180w, https:\/\/sakumetall.ee\/uksetehas\/wp-content\/uploads\/sites\/2\/2018\/09\/ohtulehe_pilt1-400x266.jpg 400w\" sizes=\"auto, (max-width: 1000px) 100vw, 1000px\" \/><\/a><\/p>\n<p><a href=\"https:\/\/sakumetall.ee\/uksetehas\/wp-content\/uploads\/sites\/2\/2018\/09\/IMG_4559.jpg\"><img loading=\"lazy\" decoding=\"async\" width=\"750\" height=\"1000\" class=\"alignnone size-full wp-image-9227\" src=\"https:\/\/sakumetall.ee\/uksetehas\/wp-content\/uploads\/sites\/2\/2018\/09\/IMG_4559.jpg\" alt=\"eesti kunstiakadeemia_saku metall uksetehas\" srcset=\"https:\/\/sakumetall.ee\/uksetehas\/wp-content\/uploads\/sites\/2\/2018\/09\/IMG_4559.jpg 750w, https:\/\/sakumetall.ee\/uksetehas\/wp-content\/uploads\/sites\/2\/2018\/09\/IMG_4559-225x300.jpg 225w, https:\/\/sakumetall.ee\/uksetehas\/wp-content\/uploads\/sites\/2\/2018\/09\/IMG_4559-135x180.jpg 135w, https:\/\/sakumetall.ee\/uksetehas\/wp-content\/uploads\/sites\/2\/2018\/09\/IMG_4559-300x400.jpg 300w\" sizes=\"auto, (max-width: 750px) 100vw, 750px\" \/><\/a><\/p>\n<p><a href=\"https:\/\/sakumetall.ee\/uksetehas\/wp-content\/uploads\/sites\/2\/2018\/09\/IMG_4560.jpg\"><img loading=\"lazy\" decoding=\"async\" width=\"750\" height=\"1000\" class=\"alignnone size-full wp-image-9228\" src=\"https:\/\/sakumetall.ee\/uksetehas\/wp-content\/uploads\/sites\/2\/2018\/09\/IMG_4560.jpg\" alt=\"eesti kunstiakadeemia_saku metall uksetehas\" srcset=\"https:\/\/sakumetall.ee\/uksetehas\/wp-content\/uploads\/sites\/2\/2018\/09\/IMG_4560.jpg 750w, https:\/\/sakumetall.ee\/uksetehas\/wp-content\/uploads\/sites\/2\/2018\/09\/IMG_4560-225x300.jpg 225w, https:\/\/sakumetall.ee\/uksetehas\/wp-content\/uploads\/sites\/2\/2018\/09\/IMG_4560-135x180.jpg 135w, https:\/\/sakumetall.ee\/uksetehas\/wp-content\/uploads\/sites\/2\/2018\/09\/IMG_4560-300x400.jpg 300w\" sizes=\"auto, (max-width: 750px) 100vw, 750px\" \/><\/a><\/p>\n<p><a href=\"https:\/\/sakumetall.ee\/uksetehas\/wp-content\/uploads\/sites\/2\/2018\/09\/IMG_4561.jpg\"><img loading=\"lazy\" decoding=\"async\" width=\"1000\" height=\"750\" class=\"alignnone size-full wp-image-9229\" src=\"https:\/\/sakumetall.ee\/uksetehas\/wp-content\/uploads\/sites\/2\/2018\/09\/IMG_4561.jpg\" alt=\"eesti kunstiakadeemia_saku metall uksetehas\" srcset=\"https:\/\/sakumetall.ee\/uksetehas\/wp-content\/uploads\/sites\/2\/2018\/09\/IMG_4561.jpg 1000w, https:\/\/sakumetall.ee\/uksetehas\/wp-content\/uploads\/sites\/2\/2018\/09\/IMG_4561-300x225.jpg 300w, https:\/\/sakumetall.ee\/uksetehas\/wp-content\/uploads\/sites\/2\/2018\/09\/IMG_4561-768x576.jpg 768w, https:\/\/sakumetall.ee\/uksetehas\/wp-content\/uploads\/sites\/2\/2018\/09\/IMG_4561-180x135.jpg 180w, https:\/\/sakumetall.ee\/uksetehas\/wp-content\/uploads\/sites\/2\/2018\/09\/IMG_4561-400x300.jpg 400w\" sizes=\"auto, (max-width: 1000px) 100vw, 1000px\" \/><\/a><\/p>\n<p><a href=\"https:\/\/sakumetall.ee\/uksetehas\/wp-content\/uploads\/sites\/2\/2018\/09\/IMG_4563.jpg\"><img loading=\"lazy\" decoding=\"async\" width=\"1000\" height=\"750\" class=\"alignnone size-full wp-image-9230\" src=\"https:\/\/sakumetall.ee\/uksetehas\/wp-content\/uploads\/sites\/2\/2018\/09\/IMG_4563.jpg\" alt=\"eesti kunstiakadeemia_saku metall uksetehas\" srcset=\"https:\/\/sakumetall.ee\/uksetehas\/wp-content\/uploads\/sites\/2\/2018\/09\/IMG_4563.jpg 1000w, https:\/\/sakumetall.ee\/uksetehas\/wp-content\/uploads\/sites\/2\/2018\/09\/IMG_4563-300x225.jpg 300w, https:\/\/sakumetall.ee\/uksetehas\/wp-content\/uploads\/sites\/2\/2018\/09\/IMG_4563-768x576.jpg 768w, https:\/\/sakumetall.ee\/uksetehas\/wp-content\/uploads\/sites\/2\/2018\/09\/IMG_4563-180x135.jpg 180w, https:\/\/sakumetall.ee\/uksetehas\/wp-content\/uploads\/sites\/2\/2018\/09\/IMG_4563-400x300.jpg 400w\" sizes=\"auto, (max-width: 1000px) 100vw, 1000px\" \/><\/a><\/p>\n<p><a href=\"https:\/\/sakumetall.ee\/uksetehas\/wp-content\/uploads\/sites\/2\/2018\/09\/IMG_4567.jpg\"><img loading=\"lazy\" decoding=\"async\" width=\"1000\" height=\"750\" class=\"alignnone size-full wp-image-9231\" src=\"https:\/\/sakumetall.ee\/uksetehas\/wp-content\/uploads\/sites\/2\/2018\/09\/IMG_4567.jpg\" alt=\"eesti kunstiakadeemia_saku metall uksetehas\" srcset=\"https:\/\/sakumetall.ee\/uksetehas\/wp-content\/uploads\/sites\/2\/2018\/09\/IMG_4567.jpg 1000w, https:\/\/sakumetall.ee\/uksetehas\/wp-content\/uploads\/sites\/2\/2018\/09\/IMG_4567-300x225.jpg 300w, https:\/\/sakumetall.ee\/uksetehas\/wp-content\/uploads\/sites\/2\/2018\/09\/IMG_4567-768x576.jpg 768w, https:\/\/sakumetall.ee\/uksetehas\/wp-content\/uploads\/sites\/2\/2018\/09\/IMG_4567-180x135.jpg 180w, https:\/\/sakumetall.ee\/uksetehas\/wp-content\/uploads\/sites\/2\/2018\/09\/IMG_4567-400x300.jpg 400w\" sizes=\"auto, (max-width: 1000px) 100vw, 1000px\" \/><\/a><\/p>\n<p><a href=\"https:\/\/sakumetall.ee\/uksetehas\/wp-content\/uploads\/sites\/2\/2018\/09\/IMG_4570.jpg\"><img loading=\"lazy\" decoding=\"async\" width=\"1000\" height=\"750\" class=\"alignnone size-full wp-image-9232\" src=\"https:\/\/sakumetall.ee\/uksetehas\/wp-content\/uploads\/sites\/2\/2018\/09\/IMG_4570.jpg\" alt=\"eesti kunstiakadeemia_saku metall uksetehas\" srcset=\"https:\/\/sakumetall.ee\/uksetehas\/wp-content\/uploads\/sites\/2\/2018\/09\/IMG_4570.jpg 1000w, https:\/\/sakumetall.ee\/uksetehas\/wp-content\/uploads\/sites\/2\/2018\/09\/IMG_4570-300x225.jpg 300w, https:\/\/sakumetall.ee\/uksetehas\/wp-content\/uploads\/sites\/2\/2018\/09\/IMG_4570-768x576.jpg 768w, https:\/\/sakumetall.ee\/uksetehas\/wp-content\/uploads\/sites\/2\/2018\/09\/IMG_4570-180x135.jpg 180w, https:\/\/sakumetall.ee\/uksetehas\/wp-content\/uploads\/sites\/2\/2018\/09\/IMG_4570-400x300.jpg 400w\" sizes=\"auto, (max-width: 1000px) 100vw, 1000px\" \/><\/a><\/p>\n<p><a href=\"https:\/\/sakumetall.ee\/uksetehas\/wp-content\/uploads\/sites\/2\/2018\/09\/IMG_4573.jpg\"><img loading=\"lazy\" decoding=\"async\" width=\"1000\" height=\"750\" class=\"alignnone size-full wp-image-9233\" src=\"https:\/\/sakumetall.ee\/uksetehas\/wp-content\/uploads\/sites\/2\/2018\/09\/IMG_4573.jpg\" alt=\"eesti kunstiakadeemia_saku metall uksetehas\" srcset=\"https:\/\/sakumetall.ee\/uksetehas\/wp-content\/uploads\/sites\/2\/2018\/09\/IMG_4573.jpg 1000w, https:\/\/sakumetall.ee\/uksetehas\/wp-content\/uploads\/sites\/2\/2018\/09\/IMG_4573-300x225.jpg 300w, https:\/\/sakumetall.ee\/uksetehas\/wp-content\/uploads\/sites\/2\/2018\/09\/IMG_4573-768x576.jpg 768w, https:\/\/sakumetall.ee\/uksetehas\/wp-content\/uploads\/sites\/2\/2018\/09\/IMG_4573-180x135.jpg 180w, https:\/\/sakumetall.ee\/uksetehas\/wp-content\/uploads\/sites\/2\/2018\/09\/IMG_4573-400x300.jpg 400w\" sizes=\"auto, (max-width: 1000px) 100vw, 1000px\" \/><\/a><\/p>\n<p><a href=\"https:\/\/sakumetall.ee\/uksetehas\/wp-content\/uploads\/sites\/2\/2018\/09\/IMG_4583.jpg\"><img loading=\"lazy\" decoding=\"async\" width=\"1000\" height=\"750\" class=\"alignnone size-full wp-image-9234\" src=\"https:\/\/sakumetall.ee\/uksetehas\/wp-content\/uploads\/sites\/2\/2018\/09\/IMG_4583.jpg\" alt=\"eesti kunstiakadeemia_saku metall uksetehas\" srcset=\"https:\/\/sakumetall.ee\/uksetehas\/wp-content\/uploads\/sites\/2\/2018\/09\/IMG_4583.jpg 1000w, https:\/\/sakumetall.ee\/uksetehas\/wp-content\/uploads\/sites\/2\/2018\/09\/IMG_4583-300x225.jpg 300w, https:\/\/sakumetall.ee\/uksetehas\/wp-content\/uploads\/sites\/2\/2018\/09\/IMG_4583-768x576.jpg 768w, https:\/\/sakumetall.ee\/uksetehas\/wp-content\/uploads\/sites\/2\/2018\/09\/IMG_4583-180x135.jpg 180w, https:\/\/sakumetall.ee\/uksetehas\/wp-content\/uploads\/sites\/2\/2018\/09\/IMG_4583-400x300.jpg 400w\" sizes=\"auto, (max-width: 1000px) 100vw, 1000px\" \/><\/a><\/p>\n<p><a href=\"https:\/\/sakumetall.ee\/uksetehas\/wp-content\/uploads\/sites\/2\/2018\/09\/IMG_4591.jpg\"><img loading=\"lazy\" decoding=\"async\" width=\"1000\" height=\"750\" class=\"alignnone size-full wp-image-9235\" src=\"https:\/\/sakumetall.ee\/uksetehas\/wp-content\/uploads\/sites\/2\/2018\/09\/IMG_4591.jpg\" alt=\"eesti kunstiakadeemia_saku metall uksetehas\" srcset=\"https:\/\/sakumetall.ee\/uksetehas\/wp-content\/uploads\/sites\/2\/2018\/09\/IMG_4591.jpg 1000w, https:\/\/sakumetall.ee\/uksetehas\/wp-content\/uploads\/sites\/2\/2018\/09\/IMG_4591-300x225.jpg 300w, https:\/\/sakumetall.ee\/uksetehas\/wp-content\/uploads\/sites\/2\/2018\/09\/IMG_4591-768x576.jpg 768w, https:\/\/sakumetall.ee\/uksetehas\/wp-content\/uploads\/sites\/2\/2018\/09\/IMG_4591-180x135.jpg 180w, https:\/\/sakumetall.ee\/uksetehas\/wp-content\/uploads\/sites\/2\/2018\/09\/IMG_4591-400x300.jpg 400w\" sizes=\"auto, (max-width: 1000px) 100vw, 1000px\" \/><\/a><\/p>\n<p><a href=\"https:\/\/sakumetall.ee\/uksetehas\/wp-content\/uploads\/sites\/2\/2018\/09\/IMG_4619.jpg\"><img loading=\"lazy\" decoding=\"async\" width=\"750\" height=\"1000\" class=\"alignnone size-full wp-image-9237\" src=\"https:\/\/sakumetall.ee\/uksetehas\/wp-content\/uploads\/sites\/2\/2018\/09\/IMG_4619.jpg\" alt=\"eesti kunstiakadeemia_saku metall uksetehas\" srcset=\"https:\/\/sakumetall.ee\/uksetehas\/wp-content\/uploads\/sites\/2\/2018\/09\/IMG_4619.jpg 750w, https:\/\/sakumetall.ee\/uksetehas\/wp-content\/uploads\/sites\/2\/2018\/09\/IMG_4619-225x300.jpg 225w, https:\/\/sakumetall.ee\/uksetehas\/wp-content\/uploads\/sites\/2\/2018\/09\/IMG_4619-135x180.jpg 135w, https:\/\/sakumetall.ee\/uksetehas\/wp-content\/uploads\/sites\/2\/2018\/09\/IMG_4619-300x400.jpg 300w\" sizes=\"auto, (max-width: 750px) 100vw, 750px\" \/><\/a><\/p>\n<p>&nbsp;<\/p>\n","protected":false},"excerpt":{"rendered":"<p>&nbsp; &nbsp;<\/p>\n","protected":false},"author":13,"featured_media":9220,"parent":11,"menu_order":0,"comment_status":"closed","ping_status":"closed","template":"project-template.php","meta":{"footnotes":""},"class_list":["post-9218","page","type-page","status-publish","has-post-thumbnail","hentry"],"yoast_head":"<!-- This site is optimized with the Yoast SEO plugin v27.4 - https:\/\/yoast.com\/product\/yoast-seo-wordpress\/ -->\n<title>Eesti Kunstiakadeemia uus maja<\/title>\n<meta name=\"description\" content=\"Saku Metall AS tegeleb uksetootmise ja allhankega. Pakume tulet\u00f5kkeuksi, metalluksi, profiil- ja l\u00fckanduksi ning garaa\u017ei- ja t\u00f6\u00f6stuslikke t\u00f5stuksi ning lehtmetallist allhanket\u00f6id. V\u00f5ta \u00fchendust!\" \/>\n<meta name=\"robots\" content=\"index, follow, max-snippet:-1, max-image-preview:large, max-video-preview:-1\" \/>\n<link rel=\"canonical\" href=\"https:\/\/sakumetall.ee\/uksetehas\/tehtud-tood\/9218-2\/\" \/>\n<meta property=\"og:locale\" content=\"et_EE\" \/>\n<meta property=\"og:type\" content=\"article\" \/>\n<meta property=\"og:title\" content=\"Eesti Kunstiakadeemia uus maja\" \/>\n<meta property=\"og:description\" content=\"Saku Metall AS tegeleb uksetootmise ja allhankega. Pakume tulet\u00f5kkeuksi, metalluksi, profiil- ja l\u00fckanduksi ning garaa\u017ei- ja t\u00f6\u00f6stuslikke t\u00f5stuksi ning lehtmetallist allhanket\u00f6id. V\u00f5ta \u00fchendust!\" \/>\n<meta property=\"og:url\" content=\"https:\/\/sakumetall.ee\/uksetehas\/tehtud-tood\/9218-2\/\" \/>\n<meta property=\"og:site_name\" content=\"Uksetehas\" \/>\n<meta property=\"article:modified_time\" content=\"2018-09-12T08:38:56+00:00\" \/>\n<meta property=\"og:image\" content=\"https:\/\/sakumetall.ee\/uksetehas\/wp-content\/uploads\/sites\/2\/2018\/09\/ohtulehe_pilt4.jpg\" \/>\n\t<meta property=\"og:image:width\" content=\"1000\" \/>\n\t<meta property=\"og:image:height\" content=\"666\" \/>\n\t<meta property=\"og:image:type\" content=\"image\/jpeg\" \/>\n<meta name=\"twitter:card\" content=\"summary_large_image\" \/>\n<script type=\"application\/ld+json\" class=\"yoast-schema-graph\">{\"@context\":\"https:\\\/\\\/schema.org\",\"@graph\":[{\"@type\":\"WebPage\",\"@id\":\"https:\\\/\\\/sakumetall.ee\\\/uksetehas\\\/tehtud-tood\\\/9218-2\\\/\",\"url\":\"https:\\\/\\\/sakumetall.ee\\\/uksetehas\\\/tehtud-tood\\\/9218-2\\\/\",\"name\":\"Eesti Kunstiakadeemia uus maja\",\"isPartOf\":{\"@id\":\"https:\\\/\\\/sakumetall.ee\\\/uksetehas\\\/#website\"},\"primaryImageOfPage\":{\"@id\":\"https:\\\/\\\/sakumetall.ee\\\/uksetehas\\\/tehtud-tood\\\/9218-2\\\/#primaryimage\"},\"image\":{\"@id\":\"https:\\\/\\\/sakumetall.ee\\\/uksetehas\\\/tehtud-tood\\\/9218-2\\\/#primaryimage\"},\"thumbnailUrl\":\"https:\\\/\\\/sakumetall.ee\\\/uksetehas\\\/wp-content\\\/uploads\\\/sites\\\/2\\\/2018\\\/09\\\/ohtulehe_pilt4.jpg\",\"datePublished\":\"2018-09-10T12:55:44+00:00\",\"dateModified\":\"2018-09-12T08:38:56+00:00\",\"description\":\"Saku Metall AS tegeleb uksetootmise ja allhankega. Pakume tulet\u00f5kkeuksi, metalluksi, profiil- ja l\u00fckanduksi ning garaa\u017ei- ja t\u00f6\u00f6stuslikke t\u00f5stuksi ning lehtmetallist allhanket\u00f6id. V\u00f5ta \u00fchendust!\",\"breadcrumb\":{\"@id\":\"https:\\\/\\\/sakumetall.ee\\\/uksetehas\\\/tehtud-tood\\\/9218-2\\\/#breadcrumb\"},\"inLanguage\":\"et\",\"potentialAction\":[{\"@type\":\"ReadAction\",\"target\":[\"https:\\\/\\\/sakumetall.ee\\\/uksetehas\\\/tehtud-tood\\\/9218-2\\\/\"]}]},{\"@type\":\"ImageObject\",\"inLanguage\":\"et\",\"@id\":\"https:\\\/\\\/sakumetall.ee\\\/uksetehas\\\/tehtud-tood\\\/9218-2\\\/#primaryimage\",\"url\":\"https:\\\/\\\/sakumetall.ee\\\/uksetehas\\\/wp-content\\\/uploads\\\/sites\\\/2\\\/2018\\\/09\\\/ohtulehe_pilt4.jpg\",\"contentUrl\":\"https:\\\/\\\/sakumetall.ee\\\/uksetehas\\\/wp-content\\\/uploads\\\/sites\\\/2\\\/2018\\\/09\\\/ohtulehe_pilt4.jpg\",\"width\":1000,\"height\":666,\"caption\":\"eesti kunstiakadeemia_ saku ,etall uksetehas\"},{\"@type\":\"BreadcrumbList\",\"@id\":\"https:\\\/\\\/sakumetall.ee\\\/uksetehas\\\/tehtud-tood\\\/9218-2\\\/#breadcrumb\",\"itemListElement\":[{\"@type\":\"ListItem\",\"position\":1,\"name\":\"Home\",\"item\":\"https:\\\/\\\/sakumetall.ee\\\/uksetehas\\\/\"},{\"@type\":\"ListItem\",\"position\":2,\"name\":\"Tehtud t\u00f6\u00f6d\",\"item\":\"https:\\\/\\\/sakumetall.ee\\\/uksetehas\\\/tehtud-tood\\\/\"},{\"@type\":\"ListItem\",\"position\":3,\"name\":\"Eesti Kunstiakadeemia uus maja\"}]},{\"@type\":\"WebSite\",\"@id\":\"https:\\\/\\\/sakumetall.ee\\\/uksetehas\\\/#website\",\"url\":\"https:\\\/\\\/sakumetall.ee\\\/uksetehas\\\/\",\"name\":\"Uksetehas\",\"description\":\"Saku Metall AS tegeleb uksetootmise ja allhankega. Pakume tulet\u00f5kkeuksi, metalluksi, profiil- ja l\u00fckanduksi ning garaa\u017ei- ja t\u00f6\u00f6stuslikke t\u00f5stuksi ning lehtmetallist allhanket\u00f6id. V\u00f5ta \u00fchendust!\",\"potentialAction\":[{\"@type\":\"SearchAction\",\"target\":{\"@type\":\"EntryPoint\",\"urlTemplate\":\"https:\\\/\\\/sakumetall.ee\\\/uksetehas\\\/?s={search_term_string}\"},\"query-input\":{\"@type\":\"PropertyValueSpecification\",\"valueRequired\":true,\"valueName\":\"search_term_string\"}}],\"inLanguage\":\"et\"}]}<\/script>\n<!-- \/ Yoast SEO plugin. -->","yoast_head_json":{"title":"Eesti Kunstiakadeemia uus maja","description":"Saku Metall AS tegeleb uksetootmise ja allhankega. Pakume tulet\u00f5kkeuksi, metalluksi, profiil- ja l\u00fckanduksi ning garaa\u017ei- ja t\u00f6\u00f6stuslikke t\u00f5stuksi ning lehtmetallist allhanket\u00f6id. V\u00f5ta \u00fchendust!","robots":{"index":"index","follow":"follow","max-snippet":"max-snippet:-1","max-image-preview":"max-image-preview:large","max-video-preview":"max-video-preview:-1"},"canonical":"https:\/\/sakumetall.ee\/uksetehas\/tehtud-tood\/9218-2\/","og_locale":"et_EE","og_type":"article","og_title":"Eesti Kunstiakadeemia uus maja","og_description":"Saku Metall AS tegeleb uksetootmise ja allhankega. Pakume tulet\u00f5kkeuksi, metalluksi, profiil- ja l\u00fckanduksi ning garaa\u017ei- ja t\u00f6\u00f6stuslikke t\u00f5stuksi ning lehtmetallist allhanket\u00f6id. V\u00f5ta \u00fchendust!","og_url":"https:\/\/sakumetall.ee\/uksetehas\/tehtud-tood\/9218-2\/","og_site_name":"Uksetehas","article_modified_time":"2018-09-12T08:38:56+00:00","og_image":[{"width":1000,"height":666,"url":"https:\/\/sakumetall.ee\/uksetehas\/wp-content\/uploads\/sites\/2\/2018\/09\/ohtulehe_pilt4.jpg","type":"image\/jpeg"}],"twitter_card":"summary_large_image","schema":{"@context":"https:\/\/schema.org","@graph":[{"@type":"WebPage","@id":"https:\/\/sakumetall.ee\/uksetehas\/tehtud-tood\/9218-2\/","url":"https:\/\/sakumetall.ee\/uksetehas\/tehtud-tood\/9218-2\/","name":"Eesti Kunstiakadeemia uus maja","isPartOf":{"@id":"https:\/\/sakumetall.ee\/uksetehas\/#website"},"primaryImageOfPage":{"@id":"https:\/\/sakumetall.ee\/uksetehas\/tehtud-tood\/9218-2\/#primaryimage"},"image":{"@id":"https:\/\/sakumetall.ee\/uksetehas\/tehtud-tood\/9218-2\/#primaryimage"},"thumbnailUrl":"https:\/\/sakumetall.ee\/uksetehas\/wp-content\/uploads\/sites\/2\/2018\/09\/ohtulehe_pilt4.jpg","datePublished":"2018-09-10T12:55:44+00:00","dateModified":"2018-09-12T08:38:56+00:00","description":"Saku Metall AS tegeleb uksetootmise ja allhankega. Pakume tulet\u00f5kkeuksi, metalluksi, profiil- ja l\u00fckanduksi ning garaa\u017ei- ja t\u00f6\u00f6stuslikke t\u00f5stuksi ning lehtmetallist allhanket\u00f6id. V\u00f5ta \u00fchendust!","breadcrumb":{"@id":"https:\/\/sakumetall.ee\/uksetehas\/tehtud-tood\/9218-2\/#breadcrumb"},"inLanguage":"et","potentialAction":[{"@type":"ReadAction","target":["https:\/\/sakumetall.ee\/uksetehas\/tehtud-tood\/9218-2\/"]}]},{"@type":"ImageObject","inLanguage":"et","@id":"https:\/\/sakumetall.ee\/uksetehas\/tehtud-tood\/9218-2\/#primaryimage","url":"https:\/\/sakumetall.ee\/uksetehas\/wp-content\/uploads\/sites\/2\/2018\/09\/ohtulehe_pilt4.jpg","contentUrl":"https:\/\/sakumetall.ee\/uksetehas\/wp-content\/uploads\/sites\/2\/2018\/09\/ohtulehe_pilt4.jpg","width":1000,"height":666,"caption":"eesti kunstiakadeemia_ saku ,etall uksetehas"},{"@type":"BreadcrumbList","@id":"https:\/\/sakumetall.ee\/uksetehas\/tehtud-tood\/9218-2\/#breadcrumb","itemListElement":[{"@type":"ListItem","position":1,"name":"Home","item":"https:\/\/sakumetall.ee\/uksetehas\/"},{"@type":"ListItem","position":2,"name":"Tehtud t\u00f6\u00f6d","item":"https:\/\/sakumetall.ee\/uksetehas\/tehtud-tood\/"},{"@type":"ListItem","position":3,"name":"Eesti Kunstiakadeemia uus maja"}]},{"@type":"WebSite","@id":"https:\/\/sakumetall.ee\/uksetehas\/#website","url":"https:\/\/sakumetall.ee\/uksetehas\/","name":"Uksetehas","description":"Saku Metall AS tegeleb uksetootmise ja allhankega. Pakume tulet\u00f5kkeuksi, metalluksi, profiil- ja l\u00fckanduksi ning garaa\u017ei- ja t\u00f6\u00f6stuslikke t\u00f5stuksi ning lehtmetallist allhanket\u00f6id. V\u00f5ta \u00fchendust!","potentialAction":[{"@type":"SearchAction","target":{"@type":"EntryPoint","urlTemplate":"https:\/\/sakumetall.ee\/uksetehas\/?s={search_term_string}"},"query-input":{"@type":"PropertyValueSpecification","valueRequired":true,"valueName":"search_term_string"}}],"inLanguage":"et"}]}},"_links":{"self":[{"href":"https:\/\/sakumetall.ee\/uksetehas\/wp-json\/wp\/v2\/pages\/9218","targetHints":{"allow":["GET"]}}],"collection":[{"href":"https:\/\/sakumetall.ee\/uksetehas\/wp-json\/wp\/v2\/pages"}],"about":[{"href":"https:\/\/sakumetall.ee\/uksetehas\/wp-json\/wp\/v2\/types\/page"}],"author":[{"embeddable":true,"href":"https:\/\/sakumetall.ee\/uksetehas\/wp-json\/wp\/v2\/users\/13"}],"replies":[{"embeddable":true,"href":"https:\/\/sakumetall.ee\/uksetehas\/wp-json\/wp\/v2\/comments?post=9218"}],"version-history":[{"count":8,"href":"https:\/\/sakumetall.ee\/uksetehas\/wp-json\/wp\/v2\/pages\/9218\/revisions"}],"predecessor-version":[{"id":9247,"href":"https:\/\/sakumetall.ee\/uksetehas\/wp-json\/wp\/v2\/pages\/9218\/revisions\/9247"}],"up":[{"embeddable":true,"href":"https:\/\/sakumetall.ee\/uksetehas\/wp-json\/wp\/v2\/pages\/11"}],"wp:featuredmedia":[{"embeddable":true,"href":"https:\/\/sakumetall.ee\/uksetehas\/wp-json\/wp\/v2\/media\/9220"}],"wp:attachment":[{"href":"https:\/\/sakumetall.ee\/uksetehas\/wp-json\/wp\/v2\/media?parent=9218"}],"curies":[{"name":"wp","href":"https:\/\/api.w.org\/{rel}","templated":true}]}}